the ten thousands digit of 12959?
1
What is the ten thousands digit of 58677?
5
What is the tens digit of 2286?
8
What is the units digit of 640?
0
What is the hundreds digit of 110?
1
What is the tens digit of 440?
4
What is the thousands digit of 136532?
6
What is the hundreds digit of 12796?
7
What is the units digit of 3366?
6
What is the tens digit of 2348?
4
What is the tens digit of 53628?
2
What is the thousands digit of 32824?
2
What is the tens digit of 911?
1
What is the tens digit of 2263?
6
What is the hundreds digit of 3143?
1
What is the units digit of 840?
0
What is the tens digit of 8259?
5
What is the units digit of 58875?
5
What is the hundreds digit of 21235?
2
What is the hundreds digit of 28736?
7
What is the hundreds digit of 9792?
7
What is the hundreds digit of 35125?
1
What is the tens digit of 93266?
6
What is the tens digit of 303?
0
What is the hundreds digit of 605?
6
What is the thousands digit of 1208?
1
What is the hundreds digit of 499?
4
What is the hundreds digit of 681?
6
What is the tens digit of 4842?
4
What is the thousands digit of 2640?
2
What is the units digit of 2670?
0
What is the hundreds digit of 96623?
6
What is the hundred thousands digit of 121595?
1
What is the tens digit of 81984?
8
What is the units digit of 91272?
2
What is the tens digit of 19434?
3
What is the units digit of 1365?
5
What is the hundreds digit of 199?
1
What is the thousands digit of 23571?
3
What is the hundreds digit of 2669?
6
What is the ten thousands digit of 13769?
1
What is the thousands digit of 1411?
1
What is the tens digit of 41350?
5
What is the tens digit of 14450?
5
What is the thousands digit of 4215?
4
What is the hundreds digit of 187?
1
What is the units digit of 6403?
3
What is the units digit of 243?
3
What is the thousands digit of 11393?
1
What is the tens digit of 22700?
0
What is the hundreds digit of 1212?
2
What is the thousands digit of 22672?
2
What is the thousands digit of 4811?
4
What is the thousands digit of 6807?
6
What is the hundreds digit of 3048?
0
What is the thousands digit of 27619?
7
What is the units digit of 16620?
0
What is the thousands digit of 11536?
1
What is the units digit of 1426?
6
What is the units digit of 1062?
2
What is the units digit of 12407?
7
What is the tens digit of 1263?
6
What is the units digit of 960?
0
What is the thousands digit of 5904?
5
What is the tens digit of 6300?
0
What is the thousands digit of 1600?
1
What is the tens digit of 21492?
9
What is the hundreds digit of 333?
3
What is the hundreds digit of 36812?
8
What is the units digit of 4448?
8
What is the thousands digit of 1848?
1
What is the units digit of 770?
0
What is the tens digit of 54653?
5
What is the hundreds digit of 1496?
4
What is the tens digit of 2583?
8
What is the tens digit of 644?
4
What is the tens digit of 46461?
6
What is the units digit of 9?
9
What is the tens digit of 773?
7
What is the units digit of 40000?
0
What is the tens digit of 5141?
4
What is the hundreds digit of 2867?
8
What is the tens digit of 906?
0
What is the hundreds digit of 66134?
1
What is the hundreds digit of 5548?
5
What is the thousands digit of 55586?
5
What is the tens digit of 134464?
6
What is the ten thousands digit of 14603?
1
What is the thousands digit of 78315?
8
What is the thousands digit of 3226?
3
What is the hundreds digit of 7210?
2
What is the ten thousands digit of 14130?
1
What is the tens digit of 658?
5
What is the tens digit of 196?
9
What is the hundreds digit of 743?
7
What is the hundreds digit of 8994?
9
What is the units digit of 2069?
9
What is the tens digit of 639?
3
What is the ten thousands digit of 14347?
1
What is the tens digit of 29381?
8
What is the units digit of 9412?
2
What is the thousands digit of 26644?
6
What is the ten thousands digit of 27316?
2
What is the ten thousands digit of 25702?
2
What is the tens digit of 5788?
8
What is the units digit of 477?
7
What is the thousands digit of 5999?
5
What is the tens digit of 67?
6
What is the units digit of 4509?
9
What is the thousands digit of 3154?
3
What is the hundreds digit of 4724?
7
What is the hundreds digit of 9854?
8
What is the units digit of 21998?
8
What is the ten thousands digit of 28358?
2
What is the hundreds digit of 2715?
7
What is the units digit of 10320?
0
What is the hundreds digit of 13920?
9
What is the units digit of 614?
4
What is the ten thousands digit of 62529?
6
What is the units digit of 1354?
4
What is the hundreds digit of 930?
9
What is the hundreds digit of 602?
6
What is the tens digit of 40724?
2
What is the tens digit of 20329?
2
What is the tens digit of 47514?
1
What is the units digit of 5101?
1
What is the ten thousands digit of 16423?
1
What is the ten thousands digit of 53756?
5
What is the units digit of 7?
7
What is the tens digit of 2458?
5
What is the tens digit of 9744?
4
What is the tens digit of 4940?
4
What is the thousands digit of 2089?
2
What is the hundreds digit of 63960?
9
What is the hundreds digit of 3651?
6
What is the thousands digit of 5863?
5
What is the thousands digit of 7400?
7
What is the hundred thousands digit of 106717?
1
What is the thousands digit of 2941?
2
What is the tens digit of 3177?
7
What is the tens digit of 2851?
5
What is the units digit of 605?
5
What is the units digit of 4296?
6
What is the units digit of 2224?
4
What is the tens digit of 1849?
4
What is the tens digit of 7142?
4
What is the tens digit of 28010?
1
What is the units digit of 1164?
4
What is the tens digit of 46877?
7
What is the hundreds digit of 77769?
7
What is the tens digit of 16000?
0
What is the hundreds digit of 523?
5
What is the thousands digit of 10599?
0
What is the ten thousands digit of 150367?
5
What is the tens digit of 6687?
8
What is the ten thousands digit of 40005?
4
What is the units digit of 39146?
6
What is the hundreds digit of 97307?
3
What is the hundreds digit of 21421?
4
What is the thousands digit of 9568?
9
What is the thousands digit of 1752?
1
What is the tens digit of 5996?
9
What is the hundreds digit of 3406?
4
What is the hundreds digit of 9617?
6
What is the thousands digit of 13735?
3
What is the units digit of 7171?
1
What is the tens digit of 112?
1
What is the hundreds digit of 7908?
9
What is the tens digit of 3931?
3
What is the units digit of 44600?
0
What is the units digit of 808?
8
What is the hundreds digit of 34237?
2
What is the units digit of 19198?
8
What is the tens digit of 61255?
5
What is the hundreds digit of 243?
2
What is the thousands digit of 56635?
6
What is the ten thousands digit of 144736?
4
What is the units digit of 1328?
8
What is the thousands digit of 1306?
1
What is the hundreds digit of 8387?
3
What is the units digit of 94?
4
What is the hundreds digit of 2295?
2
What is the tens digit of 3796?
9
What is the tens digit of 4283?
8
What is the hundreds digit of 8273?
2
What is the tens digit of 17485?
8
What is the units digit of 19661?
1
What is the units digit of 11528?
8
What is the hundreds digit of 29762?
7
What is the thousands digit of 26369?
6
What is the tens digit of 15?
1
What is the thousands digit of 5354?
5
What is the tens digit of 17594?
9
What is the thousands digit of 188127?
8
What is the thousands digit of 6938?
6
What is the tens digit of 12?
1
What is the hundreds digit of 1644?
6
What is the units digit of 693?
3
What is the hundreds digit of 851?
8
What is the ten thousands digit of 32525?
3
What is the units digit of 2469?
9
What is the thousands digit of 3714?
3
What is the tens digit of 84023?
2
What is the hundreds digit of 348?
3
What is the hundreds digit of 428?
4
What is the tens digit of 2350?
5
What is the units digit of 936?
6
What is the ten thousands digit of 85259?
8
What is the hundreds digit of 2792?
7
What is the hundreds digit of 6860?
8
What is the thousands digit of 5853?
5
What is the tens digit of 16083?
8
What is the tens digit of 1892?
9
What is the units digit of 135?
5
What is the hundreds digit of 5402?
4
What is the hundreds digit of 5223?
2
What is the tens digit of 43033?
3
What is the units digit of 81609?
9
What is the hundreds digit of 4027?
0
What is the hundreds digit of 122?
1
What is the units digit of 16198?
8
What is